{"id":29,"date":"2018-11-13T12:07:11","date_gmt":"2018-11-13T12:07:11","guid":{"rendered":"http:\/\/msc-kassel.de\/?page_id=29"},"modified":"2026-03-11T19:15:30","modified_gmt":"2026-03-11T18:15:30","slug":"aktuell","status":"publish","type":"page","link":"https:\/\/msc-kassel.de\/","title":{"rendered":"MSC Aktuell"},"content":{"rendered":"<pre><div id=\"mtphr-dnt-547\" class=\"mtphr-dnt mtphr-dnt-547 mtphr-dnt-default mtphr-dnt-scroll mtphr-dnt-scroll-left\"><div class=\"mtphr-dnt-wrapper mtphr-dnt-clearfix\"><div class=\"mtphr-dnt-tick-container\"><div class=\"mtphr-dnt-tick-contents\"><div class=\"mtphr-dnt-tick mtphr-dnt-default-tick mtphr-dnt-clearfix \">MSR Rennen beim &#8222;MSC Kassel \/ Spessart&#8220; am 30. und 31. Mai 2026 \u00b7 BMX-Turnier im Rahmen der Ferienspiele am 8. August 2026 \u00b7 Spessartpokal des MSC Kassel am 29. August 2026 \u00b7 Nikolausfeier am 19. Dezember 2026<\/div><\/div><\/div><\/div><\/div><\/pre>\n<h2>Spenden\u00fcbergabe an &#8222;Die Sternschnuppen&#8220; und &#8222;Kleine Helden&#8220;<\/h2>\n<figure id=\"attachment_1259\" aria-describedby=\"caption-attachment-1259\" style=\"width: 800px\" class=\"wp-caption alignright\"><img loading=\"lazy\" decoding=\"async\" class=\"size-full wp-image-1259\" src=\"https:\/\/msc-kassel.de\/wp-content\/uploads\/2025\/10\/Spendenuebergabe-2025.jpg\" alt=\"Spendenuebergabe 2025\" width=\"800\" height=\"450\" srcset=\"https:\/\/msc-kassel.de\/wp-content\/uploads\/2025\/10\/Spendenuebergabe-2025.jpg 800w, https:\/\/msc-kassel.de\/wp-content\/uploads\/2025\/10\/Spendenuebergabe-2025-300x169.jpg 300w, https:\/\/msc-kassel.de\/wp-content\/uploads\/2025\/10\/Spendenuebergabe-2025-768x432.jpg 768w\" sizes=\"auto, (max-width: 800px) 100vw, 800px\" \/><figcaption id=\"caption-attachment-1259\" class=\"wp-caption-text\">Spendenuebergabe 2025<\/figcaption><\/figure>\n<p>Der MSC Kassel\/Spessart spendet j\u00e4hrlich einen Teil der Erl\u00f6se der Abendveranstaltung des Motocross Rennens an gemeinn\u00fctzige Organisationen.<\/p>\n<p>Somit spielten die beiden Bands &#8222;<strong>Die Idels<\/strong>&#8220; und &#8222;<strong>Execution<\/strong>&#8220; am Rennsamstag Abend f\u00fcr den guten Zweck und lieferten zudem noch ein Klasse Show f\u00fcr die Besucher.<\/p>\n<p>In diesem Jahr konnten wir daher jeweils 500 Euro an den Verein &#8222;<a href=\"https:\/\/diesternschnuppen.de\/\" target=\"_blank\" rel=\"noopener\"><strong>Die Sternschnuppen<\/strong><\/a>&#8220; und an das Kinderhospiz &#8222;<a href=\"https:\/\/kleinehelden-hospiz.de\/\" target=\"_blank\" rel=\"noopener\"><strong>Kleine Helden<\/strong><\/a>&#8220; spenden.<\/p>\n<p>Die Spenden\u00fcbergabe fand im Rahmen eines sonnt\u00e4glichen Vorstandstreffens statt.<\/p>\n<h2>BMX-Turnier &#8222;Am Idel&#8220;<\/h2>\n<figure id=\"attachment_1227\" aria-describedby=\"caption-attachment-1227\" style=\"width: 500px\" class=\"wp-caption alignleft\"><img loading=\"lazy\" decoding=\"async\" class=\"size-full wp-image-1227\" src=\"https:\/\/msc-kassel.de\/wp-content\/uploads\/2025\/08\/Fahrer.jpg\" alt=\"Fahrer beim dritten Lauf\" width=\"500\" height=\"375\" srcset=\"https:\/\/msc-kassel.de\/wp-content\/uploads\/2025\/08\/Fahrer.jpg 500w, https:\/\/msc-kassel.de\/wp-content\/uploads\/2025\/08\/Fahrer-300x225.jpg 300w\" sizes=\"auto, (max-width: 500px) 100vw, 500px\" \/><figcaption id=\"caption-attachment-1227\" class=\"wp-caption-text\">Fahrer beim dritten Lauf<\/figcaption><\/figure>\n<p>Am letztem Ferientag der Sommerferien findet neben der Rennstrecke &#8222;Am Idel&#8220; tradionell das BMX-Turnier des MSC Kassel im Rahmen der Ferienspiele der Gemeinde Biebergm\u00fcnd statt.<\/p>\n<p>&nbsp;<\/p>\n<p>Bei den drei zu absolvierenden L\u00e4ufen geht es f\u00fcr die Kids um Schnelligkeit,\u00a0 gepaart mit der notwendigen Geschicklichkeit, da w\u00e4hrend der Fahrt auch kleine Aufgaben bew\u00e4ltigt werden m\u00fcssen.<\/p>\n<p>&nbsp;<\/p>\n<figure id=\"attachment_1228\" aria-describedby=\"caption-attachment-1228\" style=\"width: 500px\" class=\"wp-caption alignright\"><img loading=\"lazy\" decoding=\"async\" class=\"size-full wp-image-1228\" src=\"https:\/\/msc-kassel.de\/wp-content\/uploads\/2025\/08\/Gruppenbild.jpg\" alt=\"Siegerehrung\" width=\"500\" height=\"375\" srcset=\"https:\/\/msc-kassel.de\/wp-content\/uploads\/2025\/08\/Gruppenbild.jpg 500w, https:\/\/msc-kassel.de\/wp-content\/uploads\/2025\/08\/Gruppenbild-300x225.jpg 300w\" sizes=\"auto, (max-width: 500px) 100vw, 500px\" \/><figcaption id=\"caption-attachment-1228\" class=\"wp-caption-text\">Siegerehrung<\/figcaption><\/figure>\n<p>Da es bei dieser Veranstaltung mehr um den Spa\u00df als um einen Wettkampf geht, d\u00fcrfen sich nat\u00fcrlich alle beteiligten Fahrer und Fahrerinnen bei der anschlie\u00dfenden Siegerehrung als Sieger f\u00fchlen.<\/p>\n<p>Selbstverst\u00e4ndlich wurden die Teilnehmer und die sie begleitenden Eltern mit kalten Getr\u00e4nken und Bratw\u00fcrsten versorgt. Nach dem Essen wurde nat\u00fcrlich die Gelenheit genutzt, mit dem BMX-Rad noch ein paar Meter auf der Moto-X Strecke zu absolvieren.<\/p>\n<p><a><div data-id=\"495\" style=\"text-align:left; margin-top:px; margin-bottom:px; margin-left:px; margin-right:px;\" class=\"afw afw_group afw_group afwadgroupid-495\"><div class=\"afw-groups-ads-json\" afw-group-id=\"495\" data-json=\"{&quot;afw_group_id&quot;:&quot;495&quot;,&quot;adsforwp_refresh_type&quot;:&quot;on_interval&quot;,&quot;adsforwp_group_ref_interval_sec&quot;:&quot;3000&quot;,&quot;adsforwp_group_type&quot;:&quot;rand&quot;,&quot;adsforwp_group_sponsorship_label_text&quot;:&quot;Advertisement&quot;,&quot;adsforwp_group_hide_ad_label&quot;:&quot;0&quot;,&quot;ads&quot;:[{&quot;ad_id&quot;:494,&quot;ad_type&quot;:&quot;ad_image&quot;,&quot;ad_adsense_type&quot;:&quot;normal&quot;,&quot;ad_custom_code&quot;:&quot;&quot;,&quot;ad_data_client_id&quot;:&quot;&quot;,&quot;ad_data_ad_slot&quot;:&quot;&quot;,&quot;ad_data_cid&quot;:&quot;&quot;,&quot;ad_data_crid&quot;:&quot;&quot;,&quot;ad_banner_size&quot;:&quot;&quot;,&quot;ad_image&quot;:&quot;http:\\\/\\\/msc-kassel.de\\\/wp-content\\\/uploads\\\/2019\\\/09\\\/Autohaus-Zeissler.jpg&quot;,&quot;ad_redirect_url&quot;:&quot;https:\\\/\\\/www.autohaus-zeissler.de&quot;,&quot;ad_rel_attr&quot;:&quot;&quot;,&quot;ad_img_height&quot;:&quot;135&quot;,&quot;ad_img_width&quot;:&quot;1000&quot;},{&quot;ad_id&quot;:504,&quot;ad_type&quot;:&quot;ad_image&quot;,&quot;ad_adsense_type&quot;:&quot;normal&quot;,&quot;ad_custom_code&quot;:&quot;&quot;,&quot;ad_data_client_id&quot;:&quot;&quot;,&quot;ad_data_ad_slot&quot;:&quot;&quot;,&quot;ad_data_cid&quot;:&quot;&quot;,&quot;ad_data_crid&quot;:&quot;&quot;,&quot;ad_banner_size&quot;:&quot;&quot;,&quot;ad_image&quot;:&quot;http:\\\/\\\/msc-kassel.de\\\/wp-content\\\/uploads\\\/2019\\\/09\\\/RAStock.jpg&quot;,&quot;ad_redirect_url&quot;:&quot;https:\\\/\\\/kanzlei-stock.de\\\/&quot;,&quot;ad_rel_attr&quot;:&quot;&quot;,&quot;ad_img_height&quot;:&quot;214&quot;,&quot;ad_img_width&quot;:&quot;586&quot;},{&quot;ad_id&quot;:506,&quot;ad_type&quot;:&quot;ad_image&quot;,&quot;ad_adsense_type&quot;:&quot;normal&quot;,&quot;ad_custom_code&quot;:&quot;&quot;,&quot;ad_data_client_id&quot;:&quot;&quot;,&quot;ad_data_ad_slot&quot;:&quot;&quot;,&quot;ad_data_cid&quot;:&quot;&quot;,&quot;ad_data_crid&quot;:&quot;&quot;,&quot;ad_banner_size&quot;:&quot;&quot;,&quot;ad_image&quot;:&quot;http:\\\/\\\/msc-kassel.de\\\/wp-content\\\/uploads\\\/2019\\\/10\\\/LWBecker.jpg&quot;,&quot;ad_redirect_url&quot;:&quot;https:\\\/\\\/www.l-w-becker-gmbh.de\\\/&quot;,&quot;ad_rel_attr&quot;:&quot;&quot;,&quot;ad_img_height&quot;:&quot;411&quot;,&quot;ad_img_width&quot;:&quot;600&quot;},{&quot;ad_id&quot;:508,&quot;ad_type&quot;:&quot;ad_image&quot;,&quot;ad_adsense_type&quot;:&quot;normal&quot;,&quot;ad_custom_code&quot;:&quot;&quot;,&quot;ad_data_client_id&quot;:&quot;&quot;,&quot;ad_data_ad_slot&quot;:&quot;&quot;,&quot;ad_data_cid&quot;:&quot;&quot;,&quot;ad_data_crid&quot;:&quot;&quot;,&quot;ad_banner_size&quot;:&quot;&quot;,&quot;ad_image&quot;:&quot;http:\\\/\\\/msc-kassel.de\\\/wp-content\\\/uploads\\\/2019\\\/10\\\/KayDitzel.jpg&quot;,&quot;ad_redirect_url&quot;:&quot;http:\\\/\\\/ditzel-bau.de\\\/&quot;,&quot;ad_rel_attr&quot;:&quot;&quot;,&quot;ad_img_height&quot;:&quot;426&quot;,&quot;ad_img_width&quot;:&quot;600&quot;},{&quot;ad_id&quot;:516,&quot;ad_type&quot;:&quot;ad_image&quot;,&quot;ad_adsense_type&quot;:&quot;normal&quot;,&quot;ad_custom_code&quot;:&quot;&quot;,&quot;ad_data_client_id&quot;:&quot;&quot;,&quot;ad_data_ad_slot&quot;:&quot;&quot;,&quot;ad_data_cid&quot;:&quot;&quot;,&quot;ad_data_crid&quot;:&quot;&quot;,&quot;ad_banner_size&quot;:&quot;&quot;,&quot;ad_image&quot;:&quot;http:\\\/\\\/msc-kassel.de\\\/wp-content\\\/uploads\\\/2020\\\/01\\\/ZweiradZeissler-2.jpg&quot;,&quot;ad_redirect_url&quot;:&quot;https:\\\/\\\/www.zeissler.de\\\/&quot;,&quot;ad_rel_attr&quot;:&quot;&quot;,&quot;ad_img_height&quot;:&quot;496&quot;,&quot;ad_img_width&quot;:&quot;949&quot;},{&quot;ad_id&quot;:526,&quot;ad_type&quot;:&quot;ad_image&quot;,&quot;ad_adsense_type&quot;:&quot;normal&quot;,&quot;ad_custom_code&quot;:&quot;&quot;,&quot;ad_data_client_id&quot;:&quot;&quot;,&quot;ad_data_ad_slot&quot;:&quot;&quot;,&quot;ad_data_cid&quot;:&quot;&quot;,&quot;ad_data_crid&quot;:&quot;&quot;,&quot;ad_banner_size&quot;:&quot;&quot;,&quot;ad_image&quot;:&quot;https:\\\/\\\/msc-kassel.de\\\/wp-content\\\/uploads\\\/2020\\\/08\\\/ReinerGaul20.jpg&quot;,&quot;ad_redirect_url&quot;:&quot;https:\\\/\\\/gaul-baudienstleistungen-buedingen.branchenheld.de\\\/&quot;,&quot;ad_rel_attr&quot;:&quot;&quot;,&quot;ad_img_height&quot;:&quot;368&quot;,&quot;ad_img_width&quot;:&quot;600&quot;},{&quot;ad_id&quot;:540,&quot;ad_type&quot;:&quot;ad_image&quot;,&quot;ad_adsense_type&quot;:&quot;normal&quot;,&quot;ad_custom_code&quot;:&quot;&quot;,&quot;ad_data_client_id&quot;:&quot;&quot;,&quot;ad_data_ad_slot&quot;:&quot;&quot;,&quot;ad_data_cid&quot;:&quot;&quot;,&quot;ad_data_crid&quot;:&quot;&quot;,&quot;ad_banner_size&quot;:&quot;&quot;,&quot;ad_image&quot;:&quot;http:\\\/\\\/msc-kassel.de\\\/wp-content\\\/uploads\\\/2019\\\/10\\\/KrackMller.jpg&quot;,&quot;ad_redirect_url&quot;:&quot;&quot;,&quot;ad_rel_attr&quot;:&quot;&quot;,&quot;ad_img_height&quot;:&quot;322&quot;,&quot;ad_img_width&quot;:&quot;599&quot;},{&quot;ad_id&quot;:550,&quot;ad_type&quot;:&quot;ad_image&quot;,&quot;ad_adsense_type&quot;:&quot;normal&quot;,&quot;ad_custom_code&quot;:&quot;&quot;,&quot;ad_data_client_id&quot;:&quot;&quot;,&quot;ad_data_ad_slot&quot;:&quot;&quot;,&quot;ad_data_cid&quot;:&quot;&quot;,&quot;ad_data_crid&quot;:&quot;&quot;,&quot;ad_banner_size&quot;:&quot;&quot;,&quot;ad_image&quot;:&quot;http:\\\/\\\/msc-kassel.de\\\/wp-content\\\/uploads\\\/2019\\\/10\\\/VRBank.jpg&quot;,&quot;ad_redirect_url&quot;:&quot;https:\\\/\\\/www.vrbank-mkb.de\\\/&quot;,&quot;ad_rel_attr&quot;:&quot;&quot;,&quot;ad_img_height&quot;:&quot;216&quot;,&quot;ad_img_width&quot;:&quot;600&quot;},{&quot;ad_id&quot;:783,&quot;ad_type&quot;:&quot;ad_image&quot;,&quot;ad_adsense_type&quot;:&quot;normal&quot;,&quot;ad_custom_code&quot;:&quot;&quot;,&quot;ad_data_client_id&quot;:&quot;&quot;,&quot;ad_data_ad_slot&quot;:&quot;&quot;,&quot;ad_data_cid&quot;:&quot;&quot;,&quot;ad_data_crid&quot;:&quot;&quot;,&quot;ad_banner_size&quot;:&quot;&quot;,&quot;ad_image&quot;:&quot;https:\\\/\\\/msc-kassel.de\\\/wp-content\\\/uploads\\\/2021\\\/07\\\/Riders-Store.jpg&quot;,&quot;ad_redirect_url&quot;:&quot;https:\\\/\\\/riders-store.de\\\/&quot;,&quot;ad_rel_attr&quot;:&quot;target=blank&quot;,&quot;ad_img_height&quot;:&quot;379&quot;,&quot;ad_img_width&quot;:&quot;768&quot;},{&quot;ad_id&quot;:811,&quot;ad_type&quot;:&quot;ad_image&quot;,&quot;ad_adsense_type&quot;:&quot;normal&quot;,&quot;ad_custom_code&quot;:&quot;&quot;,&quot;ad_data_client_id&quot;:&quot;&quot;,&quot;ad_data_ad_slot&quot;:&quot;&quot;,&quot;ad_data_cid&quot;:&quot;&quot;,&quot;ad_data_crid&quot;:&quot;&quot;,&quot;ad_banner_size&quot;:&quot;&quot;,&quot;ad_image&quot;:&quot;https:\\\/\\\/msc-kassel.de\\\/wp-content\\\/uploads\\\/2021\\\/09\\\/RuehlSolar.jpg&quot;,&quot;ad_redirect_url&quot;:&quot;https:\\\/\\\/www.ruehl-solar.de\\\/&quot;,&quot;ad_rel_attr&quot;:&quot;target=blank&quot;,&quot;ad_img_height&quot;:&quot;792&quot;,&quot;ad_img_width&quot;:&quot;1186&quot;},{&quot;ad_id&quot;:814,&quot;ad_type&quot;:&quot;ad_image&quot;,&quot;ad_adsense_type&quot;:&quot;normal&quot;,&quot;ad_custom_code&quot;:&quot;&quot;,&quot;ad_data_client_id&quot;:&quot;&quot;,&quot;ad_data_ad_slot&quot;:&quot;&quot;,&quot;ad_data_cid&quot;:&quot;&quot;,&quot;ad_data_crid&quot;:&quot;&quot;,&quot;ad_banner_size&quot;:&quot;&quot;,&quot;ad_image&quot;:&quot;https:\\\/\\\/msc-kassel.de\\\/wp-content\\\/uploads\\\/2021\\\/10\\\/MartinMerwald.jpg&quot;,&quot;ad_redirect_url&quot;:&quot;https:\\\/\\\/merwald-fliesen.de\\\/&quot;,&quot;ad_rel_attr&quot;:&quot;target=blank&quot;,&quot;ad_img_height&quot;:&quot;215&quot;,&quot;ad_img_width&quot;:&quot;850&quot;},{&quot;ad_id&quot;:1179,&quot;ad_type&quot;:&quot;ad_image&quot;,&quot;ad_adsense_type&quot;:&quot;normal&quot;,&quot;ad_custom_code&quot;:&quot;&quot;,&quot;ad_data_client_id&quot;:&quot;&quot;,&quot;ad_data_ad_slot&quot;:&quot;&quot;,&quot;ad_data_cid&quot;:&quot;&quot;,&quot;ad_data_crid&quot;:&quot;&quot;,&quot;ad_banner_size&quot;:&quot;&quot;,&quot;ad_image&quot;:&quot;https:\\\/\\\/msc-kassel.de\\\/wp-content\\\/uploads\\\/2024\\\/10\\\/Heckroth.jpg&quot;,&quot;ad_redirect_url&quot;:&quot;https:\\\/\\\/www.orthopaedie-heckroth.de\\\/&quot;,&quot;ad_rel_attr&quot;:&quot;&quot;,&quot;ad_img_height&quot;:&quot;247&quot;,&quot;ad_img_width&quot;:&quot;1024&quot;},{&quot;ad_id&quot;:1253,&quot;ad_type&quot;:&quot;ad_image&quot;,&quot;ad_adsense_type&quot;:&quot;normal&quot;,&quot;ad_custom_code&quot;:&quot;&quot;,&quot;ad_data_client_id&quot;:&quot;&quot;,&quot;ad_data_ad_slot&quot;:&quot;&quot;,&quot;ad_data_cid&quot;:&quot;&quot;,&quot;ad_data_crid&quot;:&quot;&quot;,&quot;ad_banner_size&quot;:&quot;&quot;,&quot;ad_image&quot;:&quot;https:\\\/\\\/msc-kassel.de\\\/wp-content\\\/uploads\\\/2025\\\/09\\\/Fussoase-Sonia.jpg&quot;,&quot;ad_redirect_url&quot;:&quot;https:\\\/\\\/www.fussoasebysonia.de\\\/&quot;,&quot;ad_rel_attr&quot;:&quot;&quot;,&quot;ad_img_height&quot;:&quot;400&quot;,&quot;ad_img_width&quot;:&quot;386&quot;}]}\"><\/div><div style=\"display:none;\" data-id=\"495\" class=\"afw_ad_container_pre\"><\/div><div data-id=\"495\" class=\"afw afw_ad_container\"><\/div><\/div><\/a><\/p>\n","protected":false},"excerpt":{"rendered":"<p>Spenden\u00fcbergabe an &#8222;Die Sternschnuppen&#8220; und &#8222;Kleine Helden&#8220; Der MSC Kassel\/Spessart spendet j\u00e4hrlich einen Teil der Erl\u00f6se der Abendveranstaltung des Motocross Rennens an gemeinn\u00fctzige Organisationen. Somit spielten die beiden Bands &#8222;Die Idels&#8220; und &#8222;Execution&#8220; am Rennsamstag Abend f\u00fcr den guten Zweck und lieferten zudem noch ein Klasse Show f\u00fcr die Besucher. In diesem Jahr konnten wir &hellip; <a href=\"https:\/\/msc-kassel.de\/\" class=\"more-link\"><span class=\"screen-reader-text\">MSC Aktuell<\/span> weiterlesen<\/a><\/p>\n","protected":false},"author":1,"featured_media":0,"parent":0,"menu_order":0,"comment_status":"closed","ping_status":"closed","template":"","meta":{"footnotes":""},"class_list":["post-29","page","type-page","status-publish","hentry"],"_links":{"self":[{"href":"https:\/\/msc-kassel.de\/index.php?rest_route=\/wp\/v2\/pages\/29","targetHints":{"allow":["GET"]}}],"collection":[{"href":"https:\/\/msc-kassel.de\/index.php?rest_route=\/wp\/v2\/pages"}],"about":[{"href":"https:\/\/msc-kassel.de\/index.php?rest_route=\/wp\/v2\/types\/page"}],"author":[{"embeddable":true,"href":"https:\/\/msc-kassel.de\/index.php?rest_route=\/wp\/v2\/users\/1"}],"replies":[{"embeddable":true,"href":"https:\/\/msc-kassel.de\/index.php?rest_route=%2Fwp%2Fv2%2Fcomments&post=29"}],"version-history":[{"count":326,"href":"https:\/\/msc-kassel.de\/index.php?rest_route=\/wp\/v2\/pages\/29\/revisions"}],"predecessor-version":[{"id":1267,"href":"https:\/\/msc-kassel.de\/index.php?rest_route=\/wp\/v2\/pages\/29\/revisions\/1267"}],"wp:attachment":[{"href":"https:\/\/msc-kassel.de\/index.php?rest_route=%2Fwp%2Fv2%2Fmedia&parent=29"}],"curies":[{"name":"wp","href":"https:\/\/api.w.org\/{rel}","templated":true}]}}