{"id":96,"date":"2018-11-14T09:55:32","date_gmt":"2018-11-14T09:55:32","guid":{"rendered":"http:\/\/msc-kassel.de\/?page_id=96"},"modified":"2026-03-08T18:32:05","modified_gmt":"2026-03-08T17:32:05","slug":"impressum","status":"publish","type":"page","link":"https:\/\/msc-kassel.de\/?page_id=96","title":{"rendered":"Impressum"},"content":{"rendered":"<h3><img loading=\"lazy\" decoding=\"async\" class=\"alignright size-thumbnail wp-image-630\" src=\"https:\/\/msc-kassel.de\/wp-content\/uploads\/2020\/01\/MSC-150x150.jpg\" alt=\"\" width=\"150\" height=\"150\" \/>Gesch\u00e4ftsstelle<\/h3>\n<p>MSC Kassel \/ Spessart 1957 e.V. im MSR &amp; DMV<br \/>\nGesch\u00e4ftsstelle<br \/>\nPeter Weimar<br \/>\nBesenweg 8<br \/>\n63599 Biebergem\u00fcnd<\/p>\n<p>E-Mail: <a href=\"mailto:info@msc-kassel.de\">info@msc-kassel.de<\/a><br \/>\nInternet: <a href=\"http:\/\/msc-kassel.de\">msc-kassel.de<\/a><\/p>\n<p>Vereinsregisternummer: 3322<br \/>\nDMV-Clubnummer: 993<\/p>\n<h3>1. Vorsitzender<\/h3>\n<p>Armin Vetterling<br \/>\nGrimmstr. 3<br \/>\n63599 Biebergem\u00fcnd<\/p>\n<h3>2. Vorsitzender<\/h3>\n<p>Friedhelm Schum<br \/>\nBornweg 3<br \/>\n63599 Biebergem\u00fcnd<br \/>\nTelefon: 0 60 50 &#8211; 72 55<\/p>\n<h4><strong> Keine Abmahnung ohne vorherigen Kontakt <\/strong><\/h4>\n<p>Sollte irgendwelcher Inhalt oder die designtechnische Gestaltung einzelner Seiten oder Teile dieser Webseite fremde Rechte Dritter oder gesetzliche Bestimmungen verletzen oder anderweitig in irgendeiner Form wettbewerbsrechtliche Probleme hervorbringen, so bittet der Verantwortliche f\u00fcr diese Webpr\u00e4senz unter Berufung auf \u00a7 8 Abs. 4 UWG, um eine angemessene, ausreichend erl\u00e4uternde und schnelle Nachricht ohne Kostennote. Es wird daf\u00fcr garantiert, dass die zu Recht beanstandeten Passagen oder Teile dieser Webseiten in angemessener Frist entfernt bzw. den rechtlichen Vorgaben umf\u00e4nglich angepasst werden, ohne dass von Ihrer Seite die Einschaltung eines Rechtsbeistandes erforderlich ist. Die Einschaltung eines Anwaltes, zur f\u00fcr den Dienstanbieter kostenpflichtigen Abmahnung, entspricht nicht dessen wirklichen oder mutmasslichen Willen und w\u00fcrde damit einen Verstoss gegen \u00a7 13 Abs. 5 UWG, wegen der Verfolgung sachfremder Ziele als beherrschendes Motiv der Verfahrenseinleitung, insbesondere einer Kostenerzielungsabsicht als eigentliche Triebfeder, sowie einen Versto\u00df gegen die Schadensminderungspflicht darstellen.<\/p>\n<h4><strong> Haftung f\u00fcr Inhalte <\/strong><\/h4>\n<p>Die Inhalte unserer Seiten wurden mit gr\u00f6\u00dfter Sorgfalt erstellt. F\u00fcr die Richtigkeit, Vollst\u00e4ndigkeit und Aktualit\u00e4t der Inhalte k\u00f6nnen wir jedoch keine Gew\u00e4hr \u00fcbernehmen. Als Diensteanbieter sind wir gem\u00e4\u00df \u00a7 7 Abs.1 TMG f\u00fcr eigene Inhalte auf diesen Seiten nach den allgemeinen Gesetzen verantwortlich. Nach \u00a7\u00a7 8 bis 10 TMG sind wir als Diensteanbieter jedoch nicht verpflichtet, \u00fcbermittelte oder gespeicherte fremde Informationen zu \u00fcberwachen oder nach Umst\u00e4nden zu forschen, die auf eine rechtswidrige T\u00e4tigkeit hinweisen. Verpflichtungen zur Entfernung oder Sperrung der Nutzung von Informationen nach den allgemeinen Gesetzen bleiben hiervon unber\u00fchrt. Eine diesbez\u00fcgliche Haftung ist jedoch erst ab dem Zeitpunkt der Kenntnis einer konkreten Rechtsverletzung m\u00f6glich. Bei bekannt werden von entsprechenden Rechtsverletzungen werden wir diese Inhalte umgehend entfernen.<\/p>\n<h4><strong> Nutzungsbedingungen <\/strong><\/h4>\n<p>Texte, Bilder, Grafiken sowie die Gestaltung dieser Internetseiten unterliegen dem Urheberrecht. Sie d\u00fcrfen von Ihnen nur zum privaten und sonstigen eigenen Gebrauch im Rahmen des \u00a7 53 Urheberrechtsgesetz (UrhG) verwendet werden. Eine Vervielf\u00e4ltigung oder Verwendung dieser Seiten oder Teilen davon in anderen elektronischen oder gedruckten Publikationen und deren Ver\u00f6ffentlichung ist nur mit unserer Einwilligung gestattet. Diese erteilt auf Anfrage die Gesch\u00e4ftsstelle des MSC Kassel\/Spessart 1957 e.V. Weiterhin k\u00f6nnen Texte, Bilder, Grafiken und sonstige Dateien ganz oder teilweise dem Urheberrecht Dritter unterliegen. Auch \u00fcber das Bestehen m\u00f6glicher Rechte Dritter gibt die Gesch\u00e4ftsstelle des MSC Kassel 1957 e.V. n\u00e4here Ausk\u00fcnfte. Der Nachdruck und die Auswertung von Beitr\u00e4gen und Artikeln sind mit Quellenangabe allgemein gestattet.<\/p>\n<h3><strong> Bildnachweis <\/strong><\/h3>\n<p>Die Bildrechte f\u00fcr die auf dieser Webseite verwendeten Bilder sind gekl\u00e4rt. Quellenangaben erfolgen in der Bildunterschrift oder im Alternativtext zum Bild. Bilder ohne explizite Quellenangaben sind grunds\u00e4tzlich mit Quelle \u201cMSC Kassel\/Spessart 1957 e.V.\u201d zu f\u00fchren. Ihre Nutzung ist unter Quellenangabe und Angabe des Copyrights zum privaten und sonstigen eigenem Gebrauch gestattet.<\/p>\n<h4><strong> Links <\/strong><\/h4>\n<p>Bei direkten oder indirekten Verweisen auf fremde Webseiten (\u201dHyperlinks\u201d), die au\u00dferhalb des Verantwortungsbereiches des Autors liegen, w\u00fcrde eine Haftungsverpflichtung ausschlie\u00dflich in dem Fall in Kraft treten, in dem der Autor von den Inhalten Kenntnis hat und es ihm technisch m\u00f6glich und zumutbar w\u00e4re, die Nutzung im Falle rechtswidriger Inhalte zu verhindern. Der Autor erkl\u00e4rt hiermit ausdr\u00fccklich, dass zum Zeitpunkt der Linksetzung keine illegalen Inhalte auf den zu verlinkenden Seiten erkennbar waren. Auf die aktuelle und zuk\u00fcnftige Gestaltung, die Inhalte oder die Urheberschaft der verlinkten\/verkn\u00fcpften Seiten hat der Autor keinerlei Einfluss. Deshalb distanziert er sich hiermit ausdr\u00fccklich von allen Inhalten aller verlinkten \/verkn\u00fcpften Seiten, die nach der Linksetzung ver\u00e4ndert wurden. Diese Feststellung gilt f\u00fcr alle innerhalb des eigenen Internetangebotes gesetzten Links und Verweise sowie f\u00fcr Fremdeintr\u00e4ge in vom Autor eingerichteten G\u00e4steb\u00fcchern, Diskussionsforen, Linkverzeichnissen, Mailinglisten und in allen anderen Formen von Datenbanken, auf deren Inhalt externe Schreibzugriffe m\u00f6glich sind. F\u00fcr illegale, fehlerhafte oder unvollst\u00e4ndige Inhalte und insbesondere f\u00fcr Sch\u00e4den, die aus der Nutzung oder Nichtnutzung solcherart dargebotener Informationen entstehen, haftet allein der Anbieter der Seite, auf welche verwiesen wurde, nicht derjenige, der \u00fcber Links auf die jeweilige Ver\u00f6ffentlichung lediglich verweist.<\/p>\n","protected":false},"excerpt":{"rendered":"<p>Gesch\u00e4ftsstelle MSC Kassel \/ Spessart 1957 e.V. im MSR &amp; DMV Gesch\u00e4ftsstelle Peter Weimar Besenweg 8 63599 Biebergem\u00fcnd E-Mail: info@msc-kassel.de Internet: msc-kassel.de Vereinsregisternummer: 3322 DMV-Clubnummer: 993 1. Vorsitzender Armin Vetterling Grimmstr. 3 63599 Biebergem\u00fcnd 2. Vorsitzender Friedhelm Schum Bornweg 3 63599 Biebergem\u00fcnd Telefon: 0 60 50 &#8211; 72 55 Keine Abmahnung ohne vorherigen Kontakt Sollte &hellip; <a href=\"https:\/\/msc-kassel.de\/?page_id=96\" class=\"more-link\"><span class=\"screen-reader-text\">Impressum<\/span> weiterlesen<\/a><\/p>\n","protected":false},"author":1,"featured_media":0,"parent":0,"menu_order":0,"comment_status":"closed","ping_status":"closed","template":"","meta":{"footnotes":""},"class_list":["post-96","page","type-page","status-publish","hentry"],"_links":{"self":[{"href":"https:\/\/msc-kassel.de\/index.php?rest_route=\/wp\/v2\/pages\/96","targetHints":{"allow":["GET"]}}],"collection":[{"href":"https:\/\/msc-kassel.de\/index.php?rest_route=\/wp\/v2\/pages"}],"about":[{"href":"https:\/\/msc-kassel.de\/index.php?rest_route=\/wp\/v2\/types\/page"}],"author":[{"embeddable":true,"href":"https:\/\/msc-kassel.de\/index.php?rest_route=\/wp\/v2\/users\/1"}],"replies":[{"embeddable":true,"href":"https:\/\/msc-kassel.de\/index.php?rest_route=%2Fwp%2Fv2%2Fcomments&post=96"}],"version-history":[{"count":18,"href":"https:\/\/msc-kassel.de\/index.php?rest_route=\/wp\/v2\/pages\/96\/revisions"}],"predecessor-version":[{"id":1264,"href":"https:\/\/msc-kassel.de\/index.php?rest_route=\/wp\/v2\/pages\/96\/revisions\/1264"}],"wp:attachment":[{"href":"https:\/\/msc-kassel.de\/index.php?rest_route=%2Fwp%2Fv2%2Fmedia&parent=96"}],"curies":[{"name":"wp","href":"https:\/\/api.w.org\/{rel}","templated":true}]}}